{"id":21,"date":"2020-10-27T20:01:00","date_gmt":"2020-10-27T19:01:00","guid":{"rendered":"http:\/\/zwetschgamo.bplaced.net\/wordpress-5.5.1-de_DE\/wordpress\/?page_id=21"},"modified":"2020-11-26T20:07:28","modified_gmt":"2020-11-26T19:07:28","slug":"impressum","status":"publish","type":"page","link":"http:\/\/zwetschgamo.bplaced.net\/?page_id=21","title":{"rendered":"Impressum"},"content":{"rendered":"\n<figure class=\"wp-block-table\"><table><tbody><tr><td><\/td><td><strong>Firmenname:<\/strong><br>Original-Herstellung N\u00fcrnberger Zwetschgenm\u00e4nnla Susanne und Klaus Schr\u00f6del<br><br>Steuer-Nr.: 247\/871\/20277<br><br>Unsere Firma ist ein Unternehmen nach der Kleinunternehmerregelung gem. \u00a7 19 UStG<br><br><strong>Inhaber:<\/strong><br>Susanne und Klaus Schr\u00f6del<br>Hermann-Hetzel Str.\u00a035<br>90530 Wendelstein\u00a0<br>Telefon:\u00a009129 3594<br>Fax:\u00a0\u00a0 09129 9089667<br>E-Mail-Adresse:\u00a0<a href=\"mailto:klaus@zwetschgenmaennla.com\">klaus@zwetschgenmaennla.com<\/a><br><br><strong>Impressum:<\/strong><br><br>Angaben gem\u00e4\u00df \u00a7 5 TMG<br>Klaus Schr\u00f6del<br>Original-Herstellung N\u00fcrnberger Zwetschgenm\u00e4nnla Susanne und Klaus Schr\u00f6del<br>Hermann-Hetzel Str. 35<br>90530 Wendelstein<br><br><strong>Kontakt<\/strong><br>Telefon: 09129 3594<br>Telefax: 09129 9089667<br>E-Mail: klaus@zwetschgenmaennla.com<br><br><strong>Umsatzsteuer-ID<\/strong><br>Umsatzsteuer-Identifikationsnummer gem\u00e4\u00df \u00a7 27 a Umsatzsteuergesetz:<br>247\/871\/20277<br><br><strong>Redaktionell Verantwortliche<\/strong><br>Klaus Schr\u00f6del und Jessica Wabel<br><br><strong>Die Europ\u00e4ische Kommission stellt eine Plattform zur Online-Streitbeilegung (OS) bereit:<\/strong><br>https:\/\/ec.europa.eu\/consumers\/odr.<br>Unsere E-Mail-Adresse finden Sie oben im Impressum.<br>Verbraucherstreitbeilegung\/Universalschlichtungsstelle<br>Wir sind nicht bereit oder verpflichtet, an Streitbeilegungsverfahren vor einer<br>Verbraucherschlichtungsstelle teilzunehmen.<br><br><strong>Haftung f\u00fcr Inhalte<\/strong><br>Als Diensteanbieter sind wir gem\u00e4\u00df \u00a7 7 Abs.1 TMG f\u00fcr eigene Inhalte auf diesen Seiten nach den<br>allgemeinen Gesetzen verantwortlich. Nach \u00a7\u00a7 8 bis 10 TMG sind wir als Diensteanbieter jedoch nicht<br>verpflichtet, \u00fcbermittelte oder gespeicherte fremde Informationen zu \u00fcberwachen oder nach Umst\u00e4nden zu<br>forschen, die auf eine rechtswidrige T\u00e4tigkeit hinweisen.<br>Verpflichtungen zur Entfernung oder Sperrung der Nutzung von Informationen nach den allgemeinen<br>Gesetzen bleiben hiervon unber\u00fchrt. Eine diesbez\u00fcgliche Haftung ist jedoch erst ab dem Zeitpunkt der<br>Kenntnis einer konkreten Rechtsverletzung m\u00f6glich. Bei Bekanntwerden von entsprechenden<br>Rechtsverletzungen werden wir diese Inhalte umgehend entfernen.<br><br><strong>Haftung f\u00fcr Links<\/strong><br>Unser Angebot enth\u00e4lt Links zu externen Websites Dritter, auf deren Inhalte wir keinen Einfluss haben.<br>Deshalb k\u00f6nnen wir f\u00fcr diese fremden Inhalte auch keine Gew\u00e4hr \u00fcbernehmen. F\u00fcr die Inhalte der<br>verlinkten Seiten ist stets der jeweilige Anbieter oder Betreiber der Seiten verantwortlich. Die verlinkten<br>Seiten wurden zum Zeitpunkt der Verlinkung auf m\u00f6gliche Rechtsverst\u00f6\u00dfe \u00fcberpr\u00fcft. Rechtswidrige Inhalte<br>waren zum Zeitpunkt der Verlinkung nicht erkennbar.<br>Eine permanente inhaltliche Kontrolle der verlinkten Seiten ist jedoch ohne konkrete Anhaltspunkte einer<br>Rechtsverletzung nicht zumutbar. Bei Bekanntwerden von Rechtsverletzungen werden wir derartige Links<br>umgehend entfernen.<br><br><strong>Urheberrecht<\/strong><br>Die durch die Seitenbetreiber erstellten Inhalte und Werke auf diesen Seiten unterliegen dem deutschen<br>Urheberrecht. Die Vervielf\u00e4ltigung, Bearbeitung, Verbreitung und jede Art der Verwertung au\u00dferhalb der<br>Grenzen des Urheberrechtes bed\u00fcrfen der schriftlichen Zustimmung des jeweiligen Autors bzw. Erstellers.<br>Downloads und Kopien dieser Seite sind nur f\u00fcr den privaten, nicht kommerziellen Gebrauch gestattet.<br>Soweit die Inhalte auf dieser Seite nicht vom Betreiber erstellt wurden, werden die Urheberrechte Dritter<br>beachtet. Insbesondere werden Inhalte Dritter als solche gekennzeichnet. Sollten Sie trotzdem auf eine<br>Urheberrechtsverletzung aufmerksam werden, bitten wir um einen entsprechenden Hinweis. Bei<br>Bekanntwerden von Rechtsverletzungen werden wir derartige Inhalte umgehend entfernen.<br><br><em>Quelle des Impressums:<br>https:\/\/www.e-recht24.de<\/em><br><\/td><\/tr><\/tbody><\/table><\/figure>\n","protected":false},"excerpt":{"rendered":"<p>Firmenname:Original-Herstellung N\u00fcrnberger Zwetschgenm\u00e4nnla Susanne und Klaus Schr\u00f6del Steuer-Nr.: 247\/871\/20277 Unsere Firma ist ein Unternehmen nach der Kleinunternehmerregelung gem. \u00a7 19 UStG Inhaber:Susanne und Klaus Schr\u00f6delHermann-Hetzel Str.\u00a03590530 Wendelstein\u00a0Telefon:\u00a009129 3594Fax:\u00a0\u00a0 09129 9089667E-Mail-Adresse:\u00a0klaus@zwetschgenmaennla.com Impressum: Angaben gem\u00e4\u00df \u00a7 5 TMGKlaus Schr\u00f6delOriginal-Herstellung N\u00fcrnberger Zwetschgenm\u00e4nnla Susanne und Klaus Schr\u00f6delHermann-Hetzel Str. 3590530 Wendelstein KontaktTelefon: 09129 3594Telefax: 09129 9089667E-Mail: klaus@zwetschgenmaennla.com Umsatzsteuer-IDUmsatzsteuer-Identifikationsnummer gem\u00e4\u00df \u00a7 [&hellip;]<\/p>\n","protected":false},"author":1,"featured_media":0,"parent":0,"menu_order":4,"comment_status":"closed","ping_status":"closed","template":"","meta":[],"_links":{"self":[{"href":"http:\/\/zwetschgamo.bplaced.net\/index.php?rest_route=\/wp\/v2\/pages\/21"}],"collection":[{"href":"http:\/\/zwetschgamo.bplaced.net\/index.php?rest_route=\/wp\/v2\/pages"}],"about":[{"href":"http:\/\/zwetschgamo.bplaced.net\/index.php?rest_route=\/wp\/v2\/types\/page"}],"author":[{"embeddable":true,"href":"http:\/\/zwetschgamo.bplaced.net\/index.php?rest_route=\/wp\/v2\/users\/1"}],"replies":[{"embeddable":true,"href":"http:\/\/zwetschgamo.bplaced.net\/index.php?rest_route=%2Fwp%2Fv2%2Fcomments&post=21"}],"version-history":[{"count":5,"href":"http:\/\/zwetschgamo.bplaced.net\/index.php?rest_route=\/wp\/v2\/pages\/21\/revisions"}],"predecessor-version":[{"id":388,"href":"http:\/\/zwetschgamo.bplaced.net\/index.php?rest_route=\/wp\/v2\/pages\/21\/revisions\/388"}],"wp:attachment":[{"href":"http:\/\/zwetschgamo.bplaced.net\/index.php?rest_route=%2Fwp%2Fv2%2Fmedia&parent=21"}],"curies":[{"name":"wp","href":"https:\/\/api.w.org\/{rel}","templated":true}]}}