{"id":252,"date":"2020-11-23T15:05:53","date_gmt":"2020-11-23T14:05:53","guid":{"rendered":"http:\/\/zwetschgamo.bplaced.net\/wordpress-5.5.1-de_DE\/wordpress\/?post_type=product&#038;p=252"},"modified":"2026-01-19T19:49:48","modified_gmt":"2026-01-19T18:49:48","slug":"baenkla-2","status":"publish","type":"product","link":"http:\/\/zwetschgamo.bplaced.net\/?product=baenkla-2","title":{"rendered":"B\u00e4nkla mit Kopftuch"},"content":{"rendered":"","protected":false},"excerpt":{"rendered":"<p>P\u00e4rchen auf der Bank, Weibla mit Kopftuch und M\u00e4nnla mit Hut<\/p>\n","protected":false},"featured_media":121,"comment_status":"open","ping_status":"closed","template":"","meta":[],"_links":{"self":[{"href":"http:\/\/zwetschgamo.bplaced.net\/index.php?rest_route=\/wp\/v2\/product\/252"}],"collection":[{"href":"http:\/\/zwetschgamo.bplaced.net\/index.php?rest_route=\/wp\/v2\/product"}],"about":[{"href":"http:\/\/zwetschgamo.bplaced.net\/index.php?rest_route=\/wp\/v2\/types\/product"}],"replies":[{"embeddable":true,"href":"http:\/\/zwetschgamo.bplaced.net\/index.php?rest_route=%2Fwp%2Fv2%2Fcomments&post=252"}],"wp:featuredmedia":[{"embeddable":true,"href":"http:\/\/zwetschgamo.bplaced.net\/index.php?rest_route=\/wp\/v2\/media\/121"}],"wp:attachment":[{"href":"http:\/\/zwetschgamo.bplaced.net\/index.php?rest_route=%2Fwp%2Fv2%2Fmedia&parent=252"}],"curies":[{"name":"wp","href":"https:\/\/api.w.org\/{rel}","templated":true}]}}